Let u(j) = -j**3 + 3*j**2 + 7*j - 6. Let r be u(4). Let v(o) = -o**3 + 0*o**2 + 6*o**2 + 4*o + r + 2*o**3. List the prime factors of v(-5).
11
Let f = 9 - 16. Suppose -c - 2 = 14. Let o = f - c. What are the prime factors of o?
3
What are the prime factors of 999/18*(-8)/(-6)?
2, 37
Suppose 278 = w + 88. Suppose -5*y + l = -3*l - 208, 5*y - w = -5*l. List the prime factors of y.
2, 5
Let y = -63 - -25. Suppose 3*q = -5*h - 152, -2*h = -4*q + 3*h - 261. Let d = y - q. List the prime factors of d.
3, 7
Let q = 265 + -112. What are the prime factors of q?
3, 17
Let d(z) be the first derivative of 11*z**4/4 - z - 3. Let y be d(-1). Let v = y - -17. What are the prime factors of v?
5
Suppose 2 = 3*r + 5. Let v be r/(3/(-6)) - 3. List the prime factors of -1 - -1 - (-13 - v).
2, 3
Let x = 2 + -3. Let l(r) = -7 - 4*r**3 - 1 + 2 + 5 - r**2 - r. List the prime factors of l(x).
3
Let l = 52 + -34. Let k = l + -30. Let d = k - -20. List the prime factors of d.
2
List the prime factors of (-2568)/(-10) + (-20)/25.
2
Let a be -35*((-26)/10 - -3). Let y = a + 29. What are the prime factors of y?
3, 5
List the prime factors of (-2)/(((-4)/24)/1).
2, 3
Suppose 0 = 3*y + 16 - 85. Suppose -3*c + y = -7. List the prime factors of c.
2, 5
Let j(d) be the second derivative of d**4/12 + d**3/6 + d**2/2 - d. Let m = 59 - 56. What are the prime factors of j(m)?
13
Let y(b) = -b**2 - 5*b + 8. Let q be y(-6). Let r = q - -7. List the prime factors of r.
3
Let v(k) = 22*k + 1. Let l be v(1). Suppose -1 = -4*c + 5*f, l = 5*c + 2*f - 3. What are the prime factors of c?
2
Let r = -12 + 10. Let l(v) = v**2 - 13*v + 12. Let k be l(13). Let m = k + r. What are the prime factors of m?
2, 5
Let p(x) = 30*x - 17. What are the prime factors of p(7)?
193
Let j = 6 + -3. Suppose -s + t + 2 = 0, 4*s - j*t - 8 = -4*t. Suppose -5*g - 65 = -5*p, -2*p - s*p + 2*g + 50 = 0. What are the prime factors of p?
2, 3
Let n(z) = -z**2 - 16*z + 2. List the prime factors of n(-8).
2, 3, 11
Suppose y = 3 - 5. Let i be y/(-7) - (-4)/(-14). Suppose -4*o + 6 + 2 = i. What are the prime factors of o?
2
List the prime factors of (-6)/21 + (-732)/(-14).
2, 13
Let m = 2 - -7. Let l = 6 - 11. Let a = m + l. List the prime factors of a.
2
Let x = 2 + -3. Let h be 2/(6/(-27)) - x. Let u(z) = z**2 + 8*z + 5. What are the prime factors of u(h)?
5
Let d(f) = -f**2 + 4*f + 5. Let z be d(5). Let h = 2 + z. Suppose 3*q + k - 12 = 33, 2*q - h*k = 30. What are the prime factors of q?
3, 5
Suppose -5 = -7*v + 2*v. Let d = v - -11. Suppose a = -5 + d. List the prime factors of a.
7
Suppose 3*d - 30 - 75 = 0. Suppose 5*y + 2*t - d = -t, -5*y + 5*t = -75. What are the prime factors of y?
2, 5
Let d = -40 + 44. Let l(m) = m**3 + 7*m**2 + 7*m + 2. Let v be l(-5). Suppose 5 - v = -d*s. What are the prime factors of s?
3
Suppose -4*s + 2*o + 4 = -6, 5*s = 5*o. Suppose s*n + 0*j = j + 129, -137 = -5*n + 3*j. What are the prime factors of n?
5
Let g = -5 + 2. Let z(m) = -m**3 - 3*m**2 - m + 1. Let o be z(g). Let u(i) = i**3 - 3*i**2 + i - 4. List the prime factors of u(o).
2
Let s = -87 + 196. What are the prime factors of s?
109
Suppose -2*z + 6*z = -5*i + 46, -3*i = -2*z - 32. What are the prime factors of i?
2, 5
Let u(t) = 2*t**3 + 2*t**2 - t. Let w be u(1). Suppose d - w*d = -10. What are the prime factors of d?
5
Let d = 6 + 7. Let b = 47 - d. List the prime factors of b.
2, 17
Let m = -12 + 15. What are the prime factors of (-4 + -9)/(-1) - m?
2, 5
Suppose -3*w + 395 = j + 73, -j - 218 = -2*w. List the prime factors of w.
2, 3
Suppose 0 = 3*i - r - 142, 2*i - 2*r - r - 104 = 0. What are the prime factors of i?
2, 23
Let w = -1 + 40. List the prime factors of w.
3, 13
Suppose j - 5*b + 27 = 0, 4*j = 4*b - 18 - 26. Let y = j + 5. Let m = y - -6. What are the prime factors of m?
2
Let x(l) = l + 20. Let n be x(0). Let v = n - 1. What are the prime factors of v?
19
Let i(l) = -l**3 + 3*l**2 - 3*l + 2. Let p(r) = -3*r**3 + 12*r**2 - 13*r + 8. Let h(z) = -9*i(z) + 2*p(z). List the prime factors of h(2).
2, 3
Suppose 5*g + 7 = 3*h + 3*g, -5*h + 9 = -4*g. Suppose -h*w + 143 = -d + 55, 12 = w - 3*d. What are the prime factors of w?
2, 3
Suppose 5*r = -3*b - 6, 3*r - 2*r - 2*b - 4 = 0. Suppose r = -0*q + 5*q - 55. List the prime factors of q.
11
Suppose 0 = -4*p - d + 31, 0 = 2*p + d - 17 - 0. Let q = p - 2. What are the prime factors of q?
5
Let v(p) = 7*p + 4*p**2 + 0 - 3*p**2 - 2*p**2 - 1. Let g be v(7). What are the prime factors of -1 - -2*(g - -6)?
3
Let h(v) = v**2 - 4*v - 1. Suppose -y - 6*r = -2*r - 14, -4*y = -3*r - 18. What are the prime factors of h(y)?
11
Let w = -157 + 266. What are the prime factors of w?
109
Suppose -2*k = -4*r - 6 - 52, 4*k - 168 = -5*r. List the prime factors of k.
37
Let h(v) = -7*v**3 - 11*v**2 - 25*v - 17. Let g(w) = -11*w**3 - 16*w**2 - 38*w - 26. Let i(l) = -5*g(l) + 8*h(l). List the prime factors of i(-7).
3, 5
Suppose -2*i + 6*i + 8 = 0. Let m(v) = 3*v + 9. Let f be m(-6). Let h = i - f. List the prime factors of h.
7
Let h(x) = 2*x - 6. What are the prime factors of h(10)?
2, 7
Let q = 14 - -101. Suppose 0 = -3*f + 5*u + 106, 4*u - q = -6*f + f. List the prime factors of f.
3
Let h be 3 + 6/(-2) + -12. Let o = 9 - h. List the prime factors of o.
3, 7
Suppose 0*k + 5*g - 23 = k, -5*k + 30 = 4*g. Suppose -2*n + 8 = 0, l + 0 = k*n + 1. Suppose -4*f + l*f = 15. What are the prime factors of f?
3
Suppose 6*p - p - 160 = 0. List the prime factors of p.
2
Suppose j - 2*j - 2*d + 7 = 0, 2*d = -3*j + 13. Suppose -j*c - c = -20. Suppose 42 = c*b - 0*q + 4*q, 3*b - 2*q - 34 = 0. List the prime factors of b.
2, 5
Let y(z) = -1. Let s(m) = m**2 - m - 11. Let w(v) = -s(v) - 6*y(v). What are the prime factors of w(0)?
17
Suppose 0 = -5*h + 15 - 0. Suppose -3*j = -4*j. Suppose 6 = -j*u + h*u. What are the prime factors of u?
2
Suppose 0*j - 102 = -3*j. Suppose k - 121 = -5*b - j, b - 2*k - 13 = 0. Let d = b - 8. What are the prime factors of d?
3
List the prime factors of (-2 - 1) + 136/8.
2, 7
Suppose -36 = 3*s + s + 5*v, 0 = -3*s - 3*v - 27. Let w(b) = -b**2 - 9*b + 3. What are the prime factors of w(s)?
3
Let r(a) = -a**3 - 8*a**2 + 4. Let f(i) = 2*i**2 - i + 1. Let p be f(1). Let x be (-8)/(p*(-2)/(-4)). What are the prime factors of r(x)?
2
Let s(j) = -j**3 + 8*j**2 - 7*j + 7. Let p be s(7). Let x = p - 5. Suppose t + x - 7 = 0. List the prime factors of t.
5
Suppose -7 = 3*c - 4*i - 30, 41 = 5*c - 4*i. List the prime factors of c.
3
Suppose -5*n = -5 - 45. What are the prime factors of n?
2, 5
Suppose 0*c + c - 45 = -5*l, c = 3*l - 35. What are the prime factors of l?
2, 5
Suppose -4*l + a + 168 = 0, 0 = -2*a - 0*a - 8. List the prime factors of l.
41
Suppose 22 + 43 = 5*u. Let w = u - 10. List the prime factors of w.
3
Let c be (-8216)/(-48) - (-2)/(-12). Suppose -4*w + c = -45. List the prime factors of w.
2, 3
Suppose -4*y = -4*o + 28, 4*o - 3*y - 30 = -2. Suppose -z = 4*d + o, z + 5*d = -3*z + 16. What are the prime factors of z?
3
What are the prime factors of (3 + -1 - 167)/((-3)/2)?
2, 5, 11
Let l be 1*10 - (-2 + 2). Suppose 4*a - 3*p = l + 34, -3*p = 0. What are the prime factors of a - (-1 + 0/(-2))?
2, 3
Let f be 4/22 + 155/55. Suppose -f = 3*s - 27. List the prime factors of s.
2
Let g be -2 + (2 - 0) + 2. Let a be (-1)/(0 + 2/(-6)). Suppose a*n = 4*l + 10, 3 = g*l - 1. List the prime factors of n.
2, 3
Let h(c) = 14*c**3 + c**2 - 1. What are the prime factors of h(3)?
2, 193
Suppose 0 = 5*j + 9*j - 3458. What are the prime factors of j?
13, 19
Suppose 8 = 5*z - 2*n, -2*z = n + 7 - 3. What are the prime factors of 2 - (z - (22 + -2))?
2, 11
Let w = 56 + -35. What are the prime factors of w?
3, 7
Suppose -9*f = -4*f. Let k(p) = p**2 + f - 4 + 2. List the prime factors of k(-2).
2
Suppose -4*x - 2*g + 89 + 83 = 0, g - 42 = -x. List the prime factors of x.
2, 11
Suppose 48 = -4*m + 260. What are the prime factors of m?
53
Let u(r) = 4*r + 5. Let f(j) = -j - 1. Let i(y) = 5*f(y) + u(y). Let p be i(-2). Suppose -3*k = -0*k - p*a, 5*k = -5*a + 25. List the prime factors of k.
2
Let y(l) = l**3 + 4*l**2 + l + 3. Suppose -4*o - 16 = 2*p - 6, 2*p = -2*o - 4. What are the prime factors of y(o)?
3
Let z be 7 - 4 - (-4 - -1). Suppose 45 = z*g - g. List the prime factors of g.
3
Suppose 2*k =